*3 + 22*w**2 - 21*w + 5. Determine z(21).
5
Let t(a) = -a**2. Determine t(3).
-9
Let x(o) = -o**3 - 16*o**2 + o - 34. What is x(-16)?
-50
Let p(k) = -k**3 - 17*k**2 + 11*k + 225. Give p(-17).
38
Let a(x) = x**3 + 258*x**2 - 1588*x + 30. Calculate a(6).
6
Let k(v) = v**3 - 5*v**2 - 29*v + 29. Calculate k(8).
-11
Let g(q) = 333*q + 29307. Give g(-88).
3
Let q(b) = 11*b - 302. Determine q(33).
61
Let x(q) = q**2 + 304*q - 2486. Determine x(8).
10
Let m(n) = -n**3 + 6*n**2 + 6*n - 30. Determine m(7).
-37
Let s(x) = x**3 + x**2 + 51*x + 257. Give s(-4).
5
Let w(z) = -367*z + 21. Determine w(0).
21
Let s(y) = -y**2 + 372*y + 12928. Determine s(-32).
0
Let d(z) = z**3 - 15*z**2 - 12*z - 57. Give d(16).
7
Let r(u) = 11*u - 16. Give r(3).
17
Let m(q) = q**3 - 12*q**2 + 15*q - 54. Give m(11).
-10
Let a(x) = 27*x - 9. Give a(-7).
-198
Let k(n) = 3*n**2 + 1226*n + 2452. Determine k(-2).
12
Let h(m) = 2*m**3 + 59*m**2 + 89*m + 15. Determine h(-28).
-125
Let j(w) = w**2 + 151*w + 2077. What is j(-16)?
-83
Let r(a) = -9*a**2 + 118*a + 102. Calculate r(14).
-10
Let z(o) = -o**3 + 17*o**2 + 443*o - 1597. Calculate z(30).
-7
Let q(n) = 3*n**2 - 70*n - 160. Determine q(18).
-448
Let y(t) = -27*t - 1719. What is y(-64)?
9
Let u(r) = -r**3 - 2*r**2 + 193*r - 10. Determine u(-15).
20
Let b(j) = -j**3 - 5*j**2 - 5*j + 25. Determine b(-8).
257
Let f(w) = w**3 - 4*w**2 + 8*w - 28. Calculate f(4).
4
Let u(d) = -27*d + 1873. Give u(69).
10
Let b(c) = -2*c**3 - 6*c**2 + 16*c - 10. Determine b(-5).
10
Let r(f) = -18*f**2 + 1443*f - 238. Calculate r(80).
2
Let g(m) = 10*m**2 + 16*m + 81. Determine g(-6).
345
Let o(n) = n**2 + 64*n - 377. Determine o(5).
-32
Let j(x) = 85*x + 4945. Determine j(-58).
15
Let d(y) = -125*y - 17269. Give d(-138).
-19
Let m(f) = f**3 - 141*f**2 - 733*f + 466. Give m(146).
28
Let l(m) = -45*m**2 - 169*m - 127. Give l(-1).
-3
Let q(g) = -g**3 + 27*g**2 + 25*g + 29. Determine q(28).
-55
Let b(g) = -5*g - 92. Give b(-22).
18
Let z(y) = 7*y**2 - 85*y - 82. Give z(13).
-4
Let c(m) = -5*m**2 - 147*m - 62. Determine c(-29).
-4
Let c(u) = -2*u**3 + 12*u**2 + 45*u + 3. Calculate c(-4).
143
Let s(p) = -126*p - 1141. Give s(-9).
-7
Let o(u) = -77*u**3 + 3*u**2 + 38*u - 40. Determine o(1).
-76
Let d(s) = s**3 + 92*s**2 + 1275*s - 27. Determine d(-75).
-27
Let d(w) = -78*w - 3. Calculate d(-1).
75
Let q(z) = 191*z - 707. Determine q(3).
-134
Let t(v) = v**3 + 15*v**2 - 72*v - 309. Give t(-18).
15
Let w(s) = -392*s + 6271. What is w(16)?
-1
Let y(h) = h**3 - 36*h**2 - 77*h - 28. Determine y(38).
-66
Let q(a) = a**2 - 4733*a + 23643. Give q(5).
3
Let l(s) = 1945*s + 13627. Calculate l(-7).
12
Let u(k) = -573*k + 8. What is u(0)?
8
Let m(v) = -v**3 + 67*v + 247. What is m(-5)?
37
Let g(z) = z**2 - 953*z + 8551. Calculate g(9).
55
Let d(n) = -12*n - 46. What is d(18)?
-262
Let g(w) = 282*w - 936. Give g(3).
-90
Let f(y) = -y**2 - 208*y - 6956. Give f(-166).
16
Let g(i) = -i**3 - 5*i**2 + 93*i + 568. Give g(-8).
16
Let d(s) = -26*s - 270. Give d(-8).
-62
Let n(r) = -4*r**2 - 11*r - 27. Give n(-7).
-146
Let h(x) = 67*x + 1068. Calculate h(-17).
-71
Let l(i) = 5*i**2 - 43*i - 248. Determine l(-6).
190
Let m(y) = y**3 + 71*y**2 + 884*y + 209. What is m(-55)?
-11
Let f(r) = -69*r**2 - 250*r + 111. Give f(-4).
7
Let q(p) = p**3 + 63*p**2 + 395*p + 174. Determine q(-56).
6
Let f(s) = 1737*s + 15624. Give f(-9).
-9
Let l(s) = -165*s - 71. Calculate l(-1).
94
Let k(j) = -9*j**2 - 3*j + 2. Give k(-1).
-4
Let h(n) = 70*n - 8818. What is h(126)?
2
Let p(d) = d**2 - 212*d - 652. Determine p(-3).
-7
Let h(r) = r**3 + 8*r**2 + 7*r + 134. What is h(-7)?
134
Let n(r) = r**3 - 265*r**2 - 301*r + 9308. Give n(266).
-2
Let o(k) = k**2 + 40*k - 23629. Determine o(135).
-4
Let z(y) = -8*y**2 + 104*y + 125. Determine z(14).
13
Let l(z) = -80*z + 47. What is l(1)?
-33
Let y(r) = -31*r**2 + 7*r + 303. Give y(0).
303
Let m(q) = q**3 + 5*q**2 - 18*q - 36. Give m(-7).
-8
Let m(u) = -2*u**2 + 7*u + 278. Give m(-13).
-151
Let i(p) = -37*p + 665. Give i(19).
-38
Let l(b) = b**2 - 36*b - 414. Calculate l(-11).
103
Let b(u) = -5*u**3 + 269*u**2 + 333*u - 172. Calculate b(55).
-7
Let z(y) = -3*y**3 + 6*y**2 + 6*y + 1. What is z(4)?
-71
Let w(v) = -v**3 + 54*v**2 + 111*v + 17. What is w(56)?
-39
Let y(r) = -r**2 - 8*r - 37. Calculate y(-3).
-22
Let f(r) = -492*r + 12285. Give f(25).
-15
Let q(u) = -4*u**2 - 56*u - 192. What is q(-7)?
4
Let a(c) = -5*c**2 - 91*c - 189. Give a(-12).
183
Let f(b) = -b**3 - 20*b**2 - 52*b - 1. Give f(-3).
2
Let u(z) = 357*z - 12137. Determine u(34).
1
Let o(f) = 2*f**2 - 145*f + 698. What is o(67)?
-39
Let x(i) = -183*i + 3721. Calculate x(20).
61
Let c(z) = 21*z**3 - 4*z**2 - 4*z - 2. What is c(-2)?
-178
Let u(i) = -2*i**2 - 12*i - 132. Determine u(-12).
-276
Let q(i) = 11*i - 71. Calculate q(-13).
-214
Let r(f) = -122*f - 117. Give r(-1).
5
Let i(g) = g**2 - 515*g - 4175. What is i(-8)?
9
Let m(c) = -164*c + 99. Calculate m(2).
-229
Let u(l) = 2*l + 70. Determine u(-9).
52
Let w(v) = -2*v**3 + 11*v**2. Calculate w(5).
25
Let q(h) = -75*h**2 - 3751*h - 44. What is q(-50)?
6
Let q(w) = w**3 + 6*w**2 - 18*w - 1. Calculate q(-7).
76
Let f(v) = -v**3 + 31*v**2 - v + 226. Give f(31).
195
Let k(c) = -60*c**2 - 537*c - 19. Give k(-9).
-46
Let o(b) = -b**3 + 8*b**2 + 15*b - 16. What is o(10)?
-66
Let x(g) = -189*g + 2853. What is x(14)?
207
Let j(l) = 684*l - 688. Give j(1).
-4
Let b(k) = 39*k**2 - 749*k - 49. What is b(20)?
571
Let u(z) = -865*z + 1763. What is u(2)?
33
Let p(l) = -110*l - 429. Determine p(-4).
11
Let l(y) = -28*y**3 - 2*y**2 - 5*y + 7. Calculate l(1).
-28
Let l(p) = -221*p + 15924. Determine l(72).
12
Let b(f) = 479*f - 61310. Determine b(128).
2
Let l(s) = -55*s + 630. Calculate l(11).
25
Let j(a) = -2*a**2 - 77*a + 62. What is j(-38)?
100
Let a(u) = -34*u - 52. Calculate a(5).
-222
Let s(u) = u**3 - 98*u**2 - 286*u + 8654. Calculate s(100).
54
Let w(j) = j**3 - 33*j**2 - 107*j - 165. What is w(36)?
-129
Let h(g) = -148*g + 449. Determine h(3).
5
Let v(s) = s**2 - 33*s + 15. Calculate v(30).
-75
Let p(m) = 8*m**2 - 5*m - 106. What is p(4)?
2
Let h(o) = 2*o**3 - 96*o**2 + 95*o + 90. Calculate h(47).
137
Let g(r) = r + 102. Give g(-35).
67
Let d(p) = p**2 + 18*p - 1089. Give d(23).
-146
Let k(c) = 464*c + 1412. Determine k(-3).
20
Let g(p) = -3*p**2 + 6*p + 23. Calculate g(8).
-121
Let a(h) = -2*h**2 - 66*h + 301. What is a(-37)?
5
Let n(a) = -14*a - 295. Determine n(-31).
139
Let h(m) = 952*m - 29544. What is h(31)?
-32
Let p(g) = -5*g**3 + 44*g**2 + 23*g - 5. Give p(9).
121
Let n(v) = 1523*v - 77669. What is n(51)?
4
Let k(a) = 11*a**2 + 4*a + 12. What is k(4)?
204
Let n(k) = -61*k + 2502. Give n(41).
1
Let c(h) = 7*h**3 + 39*h**2 - h + 6. Calculate c(-5).
111
Let s(z) = 11*z - 94. Calculate s(6).
-28
Let m(f) = 678*f - 2719. Give m(4).
-7
Let z(y) = -51*y + 264. Determine z(5).
9
Let a(u) = u**3 + 43*u**2 + 365*u - 55. What is a(-31)?
162
Let s(l) = -7*l - 20. Give s(6).
-62
Let p(v) = -2*v**2 - 23*v - 122. What is p(-7)?
-59
Let r(c) = -4*c**2 - 99*c + 49. Give r(-25).
24
Let n(f) = f**3 + 4*f**2 - 94*f - 28. What is n(-12)?
-52
Let r(p) = 9*p**2 + 8*p + 62. What is r(-5)?
247
Let j(o) = 19*o - 302. Calculate j(20).
78
Let o(v) = -8*v**2 + 3*v + 27. Give o(3).
-36
Let i(a) = 114*a - 4612. Calculate i(40).
-52
Let d(q) = q**3 - 11*q**2 - 20. Give d(8).
-212
Let u(a) = 17*a**3 + 288*a**2 - 14*a + 53. What is u(-17)?
2
Let f(z) = 2898*z + 26086. Give f(-9).
4
Let v(a) = -370*a - 87718. Give v(-237).
-28
Let k(j) = -175*j - 433. What is k(-3)?
92
Let z(s) = -s**3 - 31*s**2 + 81*s + 490. Determine z(-33).
-5
Let b(z) = 7*z**2 - 56*z + 165. Determine b(9).
228
Let s(v) = -v**3 - 17*v**2 + 93*v + 692. Calculate s(-20).
32
Let d(c) = c**3 + 73*c**2 + 146*c + 260. Calculate d(-71).
-24
Let w(f) = -f**2 + 92*f - 1203. Calculate w(16).
13
Let i(q) = q**3 + 11*q**2 + 6*q - 13. Determine i(-10).
27
Let t(o) = -o**2 - 5*o + 193. Determine t(-17).
-11
Let h(s) = s**2 - 798*s + 10978. Give h(14).
2
Let y(t) = -t**3 - 13*t**2 + 70*t - 2. What is y(-17)?
-36
Let d(x) = -x**2 + 91*x + 764. Give d(-8).
-28
Let a(n) = -2*n**2 + 3*n + 317. Give a(13).
18
Let r(n) = 9*n**2 - 14*n + 21. What is r(6)?
261
Let n(o) = 3*o**2 + 34*o - 362. Determine n(-18).
-2
Let q(p) = 121*